{"id":42,"date":"2019-04-11T18:03:33","date_gmt":"2019-04-11T18:03:33","guid":{"rendered":"http:\/\/tubularlights.de\/?page_id=42"},"modified":"2019-08-26T10:40:21","modified_gmt":"2019-08-26T10:40:21","slug":"datenschutzbelehrung","status":"publish","type":"page","link":"https:\/\/tubularlights.de\/?page_id=42","title":{"rendered":"Datenschutzbelehrung"},"content":{"rendered":"\n<p>Datenschutzerkl\u00e4rung<\/p>\n\n\n\n<p>Pr\u00e4ambel<\/p>\n\n\n\n<p>Wir begr\u00fc\u00dfen Sie als Kunde ganz herzlich und haben nicht die Absicht, Sie mit regelm\u00e4\u00dfigen <br>\nInformationen zu    kontaktieren.    Deshalb    speichern    wir    Ihre    Daten    lediglich    <br>\nentsprechend    den    gesetzlichen Aufbewahrungsfristen  und  f\u00fcr  pers\u00f6nliche  Nachfragen.  Wir  <br>\nhoffen,  da\u00df  unser  Premiumprodukt  Sie  aus eigenem Interesse gelegentlich zu unserem Shop f\u00fchrt <br>\noder Sie diesen gerne weiterempfehlen. Sollten Sie dennoch die L\u00f6schung Ihrer Daten nach dem Kauf <br>\nw\u00fcnschen, lassen Sie es uns gerne wissen.<\/p>\n\n\n\n<p>Personenbezogene  Daten  (nachfolgend  zumeist  nur  \u201eDaten\u201c  genannt)  werden  von  uns  also  nur <br>\n im  Rahmen  der Erforderlichkeit sowie zum Zwecke der Bereitstellung eines funktionsf\u00e4higen und <br>\nnutzerfreundlichen Internetauftritts, inklusive seiner Inhalte und der dort angebotenen Leistungen, <br>\nverarbeitet.<\/p>\n\n\n\n<p>Gem\u00e4\u00df  Art.  4  Ziffer  1.  der  Verordnung  (EU)  2016\/679,  also  der  <br>\nDatenschutz-Grundverordnung  (nachfolgend  nur<\/p>\n\n\n\n<p>\u201eDSGVO\u201c genannt), gilt als \u201eVerarbeitung\u201c jeder mit oder ohne Hilfe automatisierter Verfahren <br>\nausgef\u00fchrter Vorgang oder jede solche Vorgangsreihe im Zusammenhang mit personenbezogenen Daten, <br>\nwie das Erheben, das Erfassen, die Organisation, das Ordnen, die Speicherung, die Anpassung oder <br>\nVer\u00e4nderung, das Auslesen, das Abfragen, die Verwendung,  die  Offenlegung  durch  \u00dcbermittlung,  <br>\nVerbreitung  oder  eine  andere  Form  der  Bereitstellung,  den Abgleich oder die Verkn\u00fcpfung, die <br>\nEinschr\u00e4nkung, das L\u00f6schen oder die Vernichtung.<\/p>\n\n\n\n<p>Mit der nachfolgenden Datenschutzerkl\u00e4rung informieren wir Sie insbesondere \u00fcber Art, Umfang, <br>\nZweck, Dauer und Rechtsgrundlage  der  Verarbeitung  personenbezogener  Daten,  soweit  wir  <br>\nentweder  allein  oder  gemeinsam  mit anderen \u00fcber die Zwecke und Mittel der Verarbeitung <br>\nentscheiden. Zudem informieren wir Sie nachfolgend \u00fcber die von  uns  zu  Optimierungszwecken  <br>\nsowie  zur  Steigerung  der  Nutzungsqualit\u00e4t  eingesetzten  Fremdkomponenten, soweit hierdurch <br>\nDritte Daten in wiederum eigener Verantwortung verarbeiten.<\/p>\n\n\n\n<p>Unsere Datenschutzerkl\u00e4rung ist wie folgt gegliedert:<\/p>\n\n\n\n<p>I. Informationen \u00fcber uns als Verantwortliche<\/p>\n\n\n\n<p>II. Rechte der Nutzer und Betroffenen<\/p>\n\n\n\n<p>III. Informationen zur Datenverarbeitung<\/p>\n\n\n\n<p>I. Informationen \u00fcber uns als Verantwortliche<\/p>\n\n\n\n<p>Verantwortlicher Anbieter dieses Internetauftritts im datenschutzrechtlichen Sinne ist: SCH\u00dcRINGS <br>\nCONSULT                           FON:    0241-15077<\/p>\n\n\n\n<p>Siegelallee 9                                                FAX:    0241-159977<\/p>\n\n\n\n<p>52066 Aachen                                             Email:  datenschutz@tubularlights.de<\/p>\n\n\n\n<p>Deutschland<\/p>\n\n\n\n<p>II. Rechte der Nutzer und Betroffenen<\/p>\n\n\n\n<p>Mit Blick auf die nachfolgend noch n\u00e4her beschriebene Datenverarbeitung haben Nutzer und Betroffene <br>\ndas Recht<\/p>\n\n\n\n<p>\u2022     auf Best\u00e4tigung, ob sie betreffende Daten verarbeitet werden, auf Auskunft \u00fcber die <br>\nverarbeiteten Daten, auf weitere Informationen \u00fcber die Datenverarbeitung sowie auf Kopien der <br>\nDaten (vgl. auch Art. 15 DSGVO);<\/p>\n\n\n\n<p>\u2022     auf Berichtigung oder Vervollst\u00e4ndigung unrichtiger bzw. unvollst\u00e4ndiger Daten (vgl. auch <br>\nArt. 16 DSGVO);<\/p>\n\n\n\n<p>\u2022     auf  unverz\u00fcgliche  L\u00f6schung  der  sie  betreffenden  Daten  (vgl.  auch  Art.  17  DSGVO),  <br>\noder,  alternativ,  soweit  eine weitere  Verarbeitung  gem\u00e4\u00df  Art.  17  Abs.  3  DSGVO  <br>\nerforderlich  ist,  auf  Einschr\u00e4nkung  der  Verarbeitung  nach Ma\u00dfgabe von Art. 18 DSGVO;<\/p>\n\n\n\n<p>\u2022     auf Erhalt der sie betreffenden und von ihnen bereitgestellten Daten und auf \u00dcbermittlung <br>\ndieser Daten an andere Anbieter\/Verantwortliche (vgl. auch Art. 20 DSGVO);<\/p>\n\n\n\n<p>\u2022     auf Beschwerde gegen\u00fcber der Aufsichtsbeh\u00f6rde, sofern sie der Ansicht sind, dass die sie <br>\nbetreffenden Daten durch den  Anbieter  unter  Versto\u00df  gegen  datenschutzrechtliche  Bestimmungen  <br>\nverarbeitet  werden  (vgl.  auch  Art.  77 DSGVO).<\/p>\n\n\n\n<p>Dar\u00fcber  hinaus  ist  der  Anbieter  dazu  verpflichtet,  alle  Empf\u00e4nger,  denen  gegen\u00fcber  Daten <br>\n durch  den  Anbieter offengelegt  worden  sind,  \u00fcber  jedwede  Berichtigung  oder  L\u00f6schung  von  <br>\nDaten  oder  die  Einschr\u00e4nkung  der Verarbeitung, die aufgrund der Artikel 16, 17 Abs. 1, 18 DSGVO <br>\nerfolgt, zu unterrichten. Diese Verpflichtung besteht jedoch  nicht,  soweit  diese  Mitteilung  <br>\nunm\u00f6glich  oder  mit  einem  unverh\u00e4ltnism\u00e4\u00dfigen  Aufwand  verbunden  ist. Unbeschadet dessen hat <br>\nder Nutzer ein Recht auf Auskunft \u00fcber diese Empf\u00e4nger.<\/p>\n\n\n\n<p>Ebenfalls  haben  die  Nutzer  und  Betroffenen  nach  Art.  21  DSGVO  das  Recht  auf  <br>\nWiderspruch  gegen  die k\u00fcnftige Verarbeitung der sie betreffenden Daten, sofern die Daten durch <br>\nden Anbieter nach Ma\u00dfgabe von Art. 6 Abs. 1 lit. f) DSGVO verarbeitet werden. Insbesondere ist ein <br>\nWiderspruch gegen die Datenverarbeitung zum Zwecke der Direktwerbung statthaft.<\/p>\n\n\n\n<p>III. Informationen zur Datenverarbeitung<\/p>\n\n\n\n<p>Ihre bei Nutzung unseres Internetauftritts verarbeiteten Daten werden gel\u00f6scht oder gesperrt, <br>\nsobald der Zweck der Speicherung  entf\u00e4llt,  der  L\u00f6schung  der  Daten  keine  gesetzlichen  <br>\nAufbewahrungspflichten  entgegenstehen  und<\/p>\n\n\n\n<p>nachfolgend keine anderslautenden Angaben zu einzelnen Verarbeitungsverfahren gemacht werden.<\/p>\n\n\n\n<p>Vertragsabwicklung<\/p>\n\n\n\n<p>Die von Ihnen zur Inanspruchnahme unseres Waren- und\/oder Dienstleistungsangebots \u00fcbermittelten <br>\nDaten werden von  uns  zum  Zwecke  der  Vertragsabwicklung  verarbeitet  und  sind  insoweit  <br>\nerforderlich.  Vertragsschluss  und Vertragsabwicklung sind ohne Bereitstellung Ihrer Daten nicht <br>\nm\u00f6glich.<\/p>\n\n\n\n<p>Rechtsgrundlage f\u00fcr die Verarbeitung ist Art. 6 Abs. 1 lit. b) DSGVO.<\/p>\n\n\n\n<p>Wir l\u00f6schen die Daten mit vollst\u00e4ndiger Vertragsabwicklung, m\u00fcssen dabei aber die steuer- und <br>\nhandelsrechtlichen Aufbewahrungsfristen beachten.<\/p>\n\n\n\n<p>Im   Rahmen   der   Vertragsabwicklung   geben   wir   Ihre   Daten   an   das   mit   der   <br>\nWarenlieferung   beauftragte Transportunternehmen oder an den Finanzdienstleister weiter, soweit <br>\ndie Weitergabe zur Warenauslieferung oder zu Bezahlzwecken erforderlich ist.<\/p>\n\n\n\n<p>Rechtsgrundlage f\u00fcr die Weitergabe der Daten ist dann Art. 6 Abs. 1 lit. b) DSGVO.<\/p>\n\n\n\n<p>Kundenkonto \/ Registrierungsfunktion<\/p>\n\n\n\n<p>Falls  Sie  \u00fcber  unseren  Internetauftritt  ein  Kundenkonto  bei  uns  anlegen,  werden  wir  die <br>\n von  Ihnen  bei  der Registrierung eingegebenen Daten (also bspw. Ihren Namen, Ihre Anschrift oder <br>\nIhre E-Mail-Adresse) ausschlie\u00dflich f\u00fcr vorvertragliche Leistungen, f\u00fcr die Vertragserf\u00fcllung oder <br>\nzum Zwecke der Kundenpflege (bspw. um Ihnen eine \u00dcbersicht   \u00fcber   Ihre   bisherigen   <br>\nBestellungen   bei   uns   zur   Verf\u00fcgung   zu   stellen   oder   um   Ihnen   die   sog. <br>\nMerkzettelfunktion anbieten zu k\u00f6nnen) erheben und speichern. Gleichzeitig speichern wir dann die <br>\nIP-Adresse und das Datum Ihrer Registrierung nebst Uhrzeit. Eine Weitergabe dieser Daten an Dritte <br>\nerfolgt nat\u00fcrlich nicht.<\/p>\n\n\n\n<p>Im  Rahmen  des  weiteren  Anmeldevorgangs  wird  Ihre  Einwilligung  in  diese  Verarbeitung  <br>\neingeholt  und  auf  diese Datenschutzerkl\u00e4rung    verwiesen.    Die    dabei    von    uns    <br>\nerhobenen    Daten    werden    ausschlie\u00dflich    f\u00fcr    die Zurverf\u00fcgungstellung des Kundenkontos <br>\nverwendet.<\/p>\n\n\n\n<p>Soweit Sie in diese Verarbeitung einwilligen, ist Art. 6 Abs. 1 lit. a) DSGVO Rechtsgrundlage f\u00fcr <br>\ndie Verarbeitung. Sofern die  Er\u00f6ffnung  des  Kundenkontos  zus\u00e4tzlich  auch vorvertraglichen  <br>\nMa\u00dfnahmen oder  der  Vertragserf\u00fcllung dient, so ist Rechtsgrundlage f\u00fcr diese Verarbeitung auch <br>\nnoch Art. 6 Abs. 1 lit. b) DSGVO.<\/p>\n\n\n\n<p>Die uns erteilte Einwilligung in die Er\u00f6ffnung und den Unterhalt des Kundenkontos k\u00f6nnen Sie gem\u00e4\u00df <br>\nArt. 7 Abs. 3 DSGVO  jederzeit mit Wirkung f\u00fcr  die Zukunft widerrufen. Hierzu  m\u00fcssen Sie uns  <br>\nlediglich  \u00fcber  Ihren Widerruf  in Kenntnis setzen.<\/p>\n\n\n\n<p>Die insoweit erhobenen Daten werden gel\u00f6scht, sobald die Verarbeitung nicht mehr erforderlich ist. <br>\nHierbei m\u00fcssen wir aber steuer- und handelsrechtliche Aufbewahrungsfristen beachten.<\/p>\n\n\n\n<p>Kontaktanfragen \/ Kontaktm\u00f6glichkeit<\/p>\n\n\n\n<p>Sofern  Sie  per  Kontaktformular  oder  E-Mail  mit  uns  in  Kontakt treten,  werden  die  dabei  <br>\nvon  Ihnen angegebenen Daten  zur  Bearbeitung  Ihrer  Anfrage  genutzt.  Die  Angabe  der  Daten  <br>\nist  zur  Bearbeitung  und  Beantwortung  Ihre Anfrage  erforderlich  &#8211;  ohne  deren  <br>\nBereitstellung  k\u00f6nnen  wir  Ihre  Anfrage  nicht  oder  allenfalls  eingeschr\u00e4nkt beantworten.<\/p>\n\n\n\n<p>Rechtsgrundlage f\u00fcr diese Verarbeitung ist Art. 6 Abs. 1 lit. b) DSGVO.<\/p>\n\n\n\n<p>Ihre  Daten  werden  gel\u00f6scht,  sofern  Ihre  Anfrage  abschlie\u00dfend  beantwortet  worden  ist  und  <br>\nder  L\u00f6schung  keine gesetzlichen    Aufbewahrungspflichten    entgegenstehen,    wie    bspw.    <br>\nbei    einer    sich    etwaig    anschlie\u00dfenden Vertragsabwicklung.<\/p>\n\n\n\n<p><a href=\"https:\/\/www.ratgeberrecht.eu\/leistungen\/muster-datenschutzerklaerung.html\">https:\/\/www.ratgeberrecht.eu\/leistungen\/muster-datenschutzerklaerung.html<\/a><\/p>\n\n\n\n<p><\/p>\n","protected":false},"excerpt":{"rendered":"<p>Datenschutzerkl\u00e4rung Pr\u00e4ambel Wir begr\u00fc\u00dfen Sie als Kunde ganz herzlich und haben nicht die Absicht, Sie mit regelm\u00e4\u00dfigen Informationen zu kontaktieren. Deshalb speichern wir Ihre Daten lediglich entsprechend den gesetzlichen Aufbewahrungsfristen und f\u00fcr pers\u00f6nliche Nachfragen. Wir hoffen, da\u00df unser Premiumprodukt Sie aus eigenem Interesse gelegentlich zu unserem Shop f\u00fchrt oder Sie diesen gerne weiterempfehlen. Sollten Sie [&hellip;]<\/p>\n","protected":false},"author":1,"featured_media":0,"parent":0,"menu_order":0,"comment_status":"closed","ping_status":"closed","template":"","meta":{"footnotes":""},"class_list":["post-42","page","type-page","status-publish","hentry"],"yoast_head":"<!-- This site is optimized with the Yoast SEO plugin v26.8 - https:\/\/yoast.com\/product\/yoast-seo-wordpress\/ -->\n<title>Datenschutzbelehrung - TUBULAR LIGHTS\u00ae<\/title>\n<meta name=\"robots\" content=\"index, follow, max-snippet:-1, max-image-preview:large, max-video-preview:-1\" \/>\n<link rel=\"canonical\" href=\"https:\/\/tubularlights.de\/?page_id=42\" \/>\n<meta property=\"og:locale\" content=\"de_DE\" \/>\n<meta property=\"og:type\" content=\"article\" \/>\n<meta property=\"og:title\" content=\"Datenschutzbelehrung - TUBULAR LIGHTS\u00ae\" \/>\n<meta property=\"og:description\" content=\"Datenschutzerkl\u00e4rung Pr\u00e4ambel Wir begr\u00fc\u00dfen Sie als Kunde ganz herzlich und haben nicht die Absicht, Sie mit regelm\u00e4\u00dfigen Informationen zu kontaktieren. Deshalb speichern wir Ihre Daten lediglich entsprechend den gesetzlichen Aufbewahrungsfristen und f\u00fcr pers\u00f6nliche Nachfragen. Wir hoffen, da\u00df unser Premiumprodukt Sie aus eigenem Interesse gelegentlich zu unserem Shop f\u00fchrt oder Sie diesen gerne weiterempfehlen. Sollten Sie [&hellip;]\" \/>\n<meta property=\"og:url\" content=\"https:\/\/tubularlights.de\/?page_id=42\" \/>\n<meta property=\"og:site_name\" content=\"TUBULAR LIGHTS\u00ae\" \/>\n<meta property=\"article:modified_time\" content=\"2019-08-26T10:40:21+00:00\" \/>\n<meta name=\"twitter:card\" content=\"summary_large_image\" \/>\n<meta name=\"twitter:label1\" content=\"Gesch\u00e4tzte Lesezeit\" \/>\n\t<meta name=\"twitter:data1\" content=\"5\u00a0Minuten\" \/>\n<script type=\"application\/ld+json\" class=\"yoast-schema-graph\">{\"@context\":\"https:\/\/schema.org\",\"@graph\":[{\"@type\":\"WebPage\",\"@id\":\"https:\/\/tubularlights.de\/?page_id=42\",\"url\":\"https:\/\/tubularlights.de\/?page_id=42\",\"name\":\"Datenschutzbelehrung - TUBULAR LIGHTS\u00ae\",\"isPartOf\":{\"@id\":\"https:\/\/tubularlights.de\/#website\"},\"datePublished\":\"2019-04-11T18:03:33+00:00\",\"dateModified\":\"2019-08-26T10:40:21+00:00\",\"breadcrumb\":{\"@id\":\"https:\/\/tubularlights.de\/?page_id=42#breadcrumb\"},\"inLanguage\":\"de\",\"potentialAction\":[{\"@type\":\"ReadAction\",\"target\":[\"https:\/\/tubularlights.de\/?page_id=42\"]}]},{\"@type\":\"BreadcrumbList\",\"@id\":\"https:\/\/tubularlights.de\/?page_id=42#breadcrumb\",\"itemListElement\":[{\"@type\":\"ListItem\",\"position\":1,\"name\":\"Startseite\",\"item\":\"https:\/\/tubularlights.de\/\"},{\"@type\":\"ListItem\",\"position\":2,\"name\":\"Datenschutzbelehrung\"}]},{\"@type\":\"WebSite\",\"@id\":\"https:\/\/tubularlights.de\/#website\",\"url\":\"https:\/\/tubularlights.de\/\",\"name\":\"TUBULAR LIGHTS\u00ae\",\"description\":\"Konfigurieren Sie sich Ihr eigenes Unikat\",\"potentialAction\":[{\"@type\":\"SearchAction\",\"target\":{\"@type\":\"EntryPoint\",\"urlTemplate\":\"https:\/\/tubularlights.de\/?s={search_term_string}\"},\"query-input\":{\"@type\":\"PropertyValueSpecification\",\"valueRequired\":true,\"valueName\":\"search_term_string\"}}],\"inLanguage\":\"de\"}]}<\/script>\n<!-- \/ Yoast SEO plugin. -->","yoast_head_json":{"title":"Datenschutzbelehrung - TUBULAR LIGHTS\u00ae","robots":{"index":"index","follow":"follow","max-snippet":"max-snippet:-1","max-image-preview":"max-image-preview:large","max-video-preview":"max-video-preview:-1"},"canonical":"https:\/\/tubularlights.de\/?page_id=42","og_locale":"de_DE","og_type":"article","og_title":"Datenschutzbelehrung - TUBULAR LIGHTS\u00ae","og_description":"Datenschutzerkl\u00e4rung Pr\u00e4ambel Wir begr\u00fc\u00dfen Sie als Kunde ganz herzlich und haben nicht die Absicht, Sie mit regelm\u00e4\u00dfigen Informationen zu kontaktieren. Deshalb speichern wir Ihre Daten lediglich entsprechend den gesetzlichen Aufbewahrungsfristen und f\u00fcr pers\u00f6nliche Nachfragen. Wir hoffen, da\u00df unser Premiumprodukt Sie aus eigenem Interesse gelegentlich zu unserem Shop f\u00fchrt oder Sie diesen gerne weiterempfehlen. Sollten Sie [&hellip;]","og_url":"https:\/\/tubularlights.de\/?page_id=42","og_site_name":"TUBULAR LIGHTS\u00ae","article_modified_time":"2019-08-26T10:40:21+00:00","twitter_card":"summary_large_image","twitter_misc":{"Gesch\u00e4tzte Lesezeit":"5\u00a0Minuten"},"schema":{"@context":"https:\/\/schema.org","@graph":[{"@type":"WebPage","@id":"https:\/\/tubularlights.de\/?page_id=42","url":"https:\/\/tubularlights.de\/?page_id=42","name":"Datenschutzbelehrung - TUBULAR LIGHTS\u00ae","isPartOf":{"@id":"https:\/\/tubularlights.de\/#website"},"datePublished":"2019-04-11T18:03:33+00:00","dateModified":"2019-08-26T10:40:21+00:00","breadcrumb":{"@id":"https:\/\/tubularlights.de\/?page_id=42#breadcrumb"},"inLanguage":"de","potentialAction":[{"@type":"ReadAction","target":["https:\/\/tubularlights.de\/?page_id=42"]}]},{"@type":"BreadcrumbList","@id":"https:\/\/tubularlights.de\/?page_id=42#breadcrumb","itemListElement":[{"@type":"ListItem","position":1,"name":"Startseite","item":"https:\/\/tubularlights.de\/"},{"@type":"ListItem","position":2,"name":"Datenschutzbelehrung"}]},{"@type":"WebSite","@id":"https:\/\/tubularlights.de\/#website","url":"https:\/\/tubularlights.de\/","name":"TUBULAR LIGHTS\u00ae","description":"Konfigurieren Sie sich Ihr eigenes Unikat","potentialAction":[{"@type":"SearchAction","target":{"@type":"EntryPoint","urlTemplate":"https:\/\/tubularlights.de\/?s={search_term_string}"},"query-input":{"@type":"PropertyValueSpecification","valueRequired":true,"valueName":"search_term_string"}}],"inLanguage":"de"}]}},"_links":{"self":[{"href":"https:\/\/tubularlights.de\/index.php?rest_route=\/wp\/v2\/pages\/42","targetHints":{"allow":["GET"]}}],"collection":[{"href":"https:\/\/tubularlights.de\/index.php?rest_route=\/wp\/v2\/pages"}],"about":[{"href":"https:\/\/tubularlights.de\/index.php?rest_route=\/wp\/v2\/types\/page"}],"author":[{"embeddable":true,"href":"https:\/\/tubularlights.de\/index.php?rest_route=\/wp\/v2\/users\/1"}],"replies":[{"embeddable":true,"href":"https:\/\/tubularlights.de\/index.php?rest_route=%2Fwp%2Fv2%2Fcomments&post=42"}],"version-history":[{"count":2,"href":"https:\/\/tubularlights.de\/index.php?rest_route=\/wp\/v2\/pages\/42\/revisions"}],"predecessor-version":[{"id":175,"href":"https:\/\/tubularlights.de\/index.php?rest_route=\/wp\/v2\/pages\/42\/revisions\/175"}],"wp:attachment":[{"href":"https:\/\/tubularlights.de\/index.php?rest_route=%2Fwp%2Fv2%2Fmedia&parent=42"}],"curies":[{"name":"wp","href":"https:\/\/api.w.org\/{rel}","templated":true}]}}